{"id":4643,"date":"2016-05-26T13:07:44","date_gmt":"2016-05-26T10:07:44","guid":{"rendered":"http:\/\/www.daivarepeckaite.com\/en\/?page_id=4643"},"modified":"2022-08-18T13:40:32","modified_gmt":"2022-08-18T10:40:32","slug":"portfolio-historical-memory","status":"publish","type":"page","link":"https:\/\/www.daivarepeckaite.com\/en\/media-portfolio\/portfolio-historical-memory\/","title":{"rendered":"Portfolio: historical memory"},"content":{"rendered":"<p><a href=\"https:\/\/www.codastory.com\/rewriting-history\/lithuania-belarus-shared-history\/\" target=\"_blank\" rel=\"noopener\">Medieval history powers a crisis of identity in Lithuania and Belarus<\/a>\u00a0(Coda Story, 26\/07\/2022)<\/p>\n<p class=\"elementor-heading-title elementor-size-default\"><a href=\"https:\/\/www.areweeurope.com\/stories\/lithuania-independence-ukraine-war\/\" target=\"_blank\" rel=\"noopener\">800 Kilometres From Kyiv, Lithuanians Wake Up With Flashbacks of Tanks<\/a> (Are We Europe, 07\/04\/2022)<\/p>\n<p><a href=\"https:\/\/foreignpolicy.com\/2019\/10\/18\/lithuania-is-forming-a-new-relationship-with-its-past-and-with-israel\/\" target=\"_blank\" rel=\"noopener noreferrer\">Lithuania Is Forming a New Relationship With Its Past\u2014and With Israel<\/a> (Foreign Policy, 18\/10\/2019)<\/p>\n<p><a href=\"http:\/\/en.delfi.lt\/lithuania\/society\/the-capital-of-communication-kaunas-on-january-13.d?id=70090032\" target=\"_blank\" rel=\"noopener noreferrer\">The capital of communication: Kaunas on January 13<\/a> (The Lithuania Tribune, 12\/01\/2016)<\/p>\n<p><a href=\"http:\/\/newint.org\/features\/2015\/05\/01\/lithuania-militarization\/\" target=\"_blank\" rel=\"noopener noreferrer\">War nerves<\/a> (New Internationalist, May 2015, pp. 38-39)<\/p>\n<p><a href=\"http:\/\/www.equaltimes.org\/latvia-readies-for-information-war\" target=\"_blank\" rel=\"noopener noreferrer\">Latvia readies for &#8211; information &#8211; war<\/a> (Equal Times, 15\/04\/2016)<\/p>\n<p><a href=\"http:\/\/blogs.forward.com\/forward-thinking\/216307\/are-lithuania-s-swastika-studded-marchers-really\/?\" target=\"_blank\" rel=\"noopener noreferrer\">Are Lithuania\u2019s Swastika-Studded Marchers Really \u2018Fascists\u2019?<\/a> (Forward Thinking, 10\/03\/2015)<\/p>\n<p><a href=\"http:\/\/www.cafebabel.co.uk\/article\/43450\/jerusalem-book-fair-molina-2013-russian-lithuania.html\" target=\"_blank\" rel=\"noopener noreferrer\">Jerusalem Book Fair 2013<\/a> (Cafe Babel, 18\/02\/2013)<\/p>\n<p><strong>In Lithuanian<\/strong><\/p>\n<p><a href=\"http:\/\/www.lrytas.lt\/-13612826281360299319-jeruzal%C4%97s-knyg%C5%B3-mug%C4%97je-d%C4%97mesys-lietuvos-istorijai.htm\" target=\"_blank\" rel=\"noopener noreferrer\">\u201eJeruzal\u0117s knyg\u0173 mug\u0117je \u2013 d\u0117mesys Lietuvos istorijai\u201c<\/a> (Attention to Lithuania&#8217;s history in Jerusalem&#8217;s book fair, lrytas.lt, 2013-02-19)<\/p>\n<p><a href=\"http:\/\/www.delfi.lt\/archive\/svedu-skaitytojams-tik-lietuvos-senove.d?id=7628056\" target=\"_blank\" rel=\"noopener noreferrer\">\u201e\u0160ved\u0173 skaitytojams \u2013 tik Lietuvos senov\u0117?\u201c<\/a> (For Swedish readers &#8211; only Lithuania&#8217;s distant past (report from Gothenburg book fair)? Atgimimas, republished in Delfi)<\/p>\n<p><a href=\"http:\/\/www.delfi.lt\/archive\/hirosima-vis-dar-gedi.d?id=7229263\" target=\"_blank\" rel=\"noopener noreferrer\">\u201eHirosima vis dar gedi\u201c<\/a> (Hiroshima is still mourning, Atgimimas, republished in Delfi)<\/p>\n<p><a href=\"http:\/\/iq.lt\/lietuva\/lietuviai-papurte-brazilija\/\" target=\"_blank\" rel=\"noopener noreferrer\">\u201eLietuviai papurt\u0117 Brazilij\u0105\u201c<\/a> (Lithuanians shook up Brazil, IQ, 2010-10-25)<\/p>\n","protected":false},"excerpt":{"rendered":"<p>Medieval history powers a crisis of identity in Lithuania and Belarus\u00a0(Coda Story, 26\/07\/2022) 800 Kilometres From Kyiv, Lithuanians Wake Up With Flashbacks of Tanks (Are We Europe, 07\/04\/2022) Lithuania Is Forming a New Relationship With Its Past\u2014and With Israel (Foreign Policy, 18\/10\/2019) The capital of communication: Kaunas on January 13 (The Lithuania Tribune, 12\/01\/2016) War nerves (New Internationalist, May 2015, &#8230; <\/p>\n<div><a href=\"https:\/\/www.daivarepeckaite.com\/en\/media-portfolio\/portfolio-historical-memory\/\" class=\"more-link\">Read More<\/a><\/div>\n","protected":false},"author":2,"featured_media":5908,"parent":1367,"menu_order":0,"comment_status":"closed","ping_status":"closed","template":"","meta":{"footnotes":""},"class_list":["post-4643","page","type-page","status-publish","has-post-thumbnail","hentry"],"_links":{"self":[{"href":"https:\/\/www.daivarepeckaite.com\/en\/wp-json\/wp\/v2\/pages\/4643","targetHints":{"allow":["GET"]}}],"collection":[{"href":"https:\/\/www.daivarepeckaite.com\/en\/wp-json\/wp\/v2\/pages"}],"about":[{"href":"https:\/\/www.daivarepeckaite.com\/en\/wp-json\/wp\/v2\/types\/page"}],"author":[{"embeddable":true,"href":"https:\/\/www.daivarepeckaite.com\/en\/wp-json\/wp\/v2\/users\/2"}],"replies":[{"embeddable":true,"href":"https:\/\/www.daivarepeckaite.com\/en\/wp-json\/wp\/v2\/comments?post=4643"}],"version-history":[{"count":7,"href":"https:\/\/www.daivarepeckaite.com\/en\/wp-json\/wp\/v2\/pages\/4643\/revisions"}],"predecessor-version":[{"id":6494,"href":"https:\/\/www.daivarepeckaite.com\/en\/wp-json\/wp\/v2\/pages\/4643\/revisions\/6494"}],"up":[{"embeddable":true,"href":"https:\/\/www.daivarepeckaite.com\/en\/wp-json\/wp\/v2\/pages\/1367"}],"wp:featuredmedia":[{"embeddable":true,"href":"https:\/\/www.daivarepeckaite.com\/en\/wp-json\/wp\/v2\/media\/5908"}],"wp:attachment":[{"href":"https:\/\/www.daivarepeckaite.com\/en\/wp-json\/wp\/v2\/media?parent=4643"}],"curies":[{"name":"wp","href":"https:\/\/api.w.org\/{rel}","templated":true}]}}

<p><a href="https://www.codastory.com/rewriting-history/lithuania-belarus-shared-history/" target="_blank" rel="noopener">Medieval history powers a crisis of identity in Lithuania and Belarus</a> (Coda Story, 26/07/2022)</p>
<p class="elementor-heading-title elementor-size-default"><a href="https://www.areweeurope.com/stories/lithuania-independence-ukraine-war/" target="_blank" rel="noopener">800 Kilometres From Kyiv, Lithuanians Wake Up With Flashbacks of Tanks</a> (Are We Europe, 07/04/2022)</p>
<p><a href="https://foreignpolicy.com/2019/10/18/lithuania-is-forming-a-new-relationship-with-its-past-and-with-israel/" target="_blank" rel="noopener noreferrer">Lithuania Is Forming a New Relationship With Its Past—and With Israel</a> (Foreign Policy, 18/10/2019)</p>
<p><a href="http://en.delfi.lt/lithuania/society/the-capital-of-communication-kaunas-on-january-13.d?id=70090032" target="_blank" rel="noopener noreferrer">The capital of communication: Kaunas on January 13</a> (The Lithuania Tribune, 12/01/2016)</p>
<p><a href="http://newint.org/features/2015/05/01/lithuania-militarization/" target="_blank" rel="noopener noreferrer">War nerves</a> (New Internationalist, May 2015, pp. 38-39)</p>
<p><a href="http://www.equaltimes.org/latvia-readies-for-information-war" target="_blank" rel="noopener noreferrer">Latvia readies for &#8211; information &#8211; war</a> (Equal Times, 15/04/2016)</p>
<p><a href="http://blogs.forward.com/forward-thinking/216307/are-lithuania-s-swastika-studded-marchers-really/?" target="_blank" rel="noopener noreferrer">Are Lithuania’s Swastika-Studded Marchers Really ‘Fascists’?</a> (Forward Thinking, 10/03/2015)</p>
<p><a href="http://www.cafebabel.co.uk/article/43450/jerusalem-book-fair-molina-2013-russian-lithuania.html" target="_blank" rel="noopener noreferrer">Jerusalem Book Fair 2013</a> (Cafe Babel, 18/02/2013)</p>
<p><strong>In Lithuanian</strong></p>
<p><a href="http://www.lrytas.lt/-13612826281360299319-jeruzal%C4%97s-knyg%C5%B3-mug%C4%97je-d%C4%97mesys-lietuvos-istorijai.htm" target="_blank" rel="noopener noreferrer">„Jeruzalės knygų mugėje – dėmesys Lietuvos istorijai“</a> (Attention to Lithuania&#8217;s history in Jerusalem&#8217;s book fair, lrytas.lt, 2013-02-19)</p>
<p><a href="http://www.delfi.lt/archive/svedu-skaitytojams-tik-lietuvos-senove.d?id=7628056" target="_blank" rel="noopener noreferrer">„Švedų skaitytojams – tik Lietuvos senovė?“</a> (For Swedish readers &#8211; only Lithuania&#8217;s distant past (report from Gothenburg book fair)? Atgimimas, republished in Delfi)</p>
<p><a href="http://www.delfi.lt/archive/hirosima-vis-dar-gedi.d?id=7229263" target="_blank" rel="noopener noreferrer">„Hirosima vis dar gedi“</a> (Hiroshima is still mourning, Atgimimas, republished in Delfi)</p>
<p><a href="http://iq.lt/lietuva/lietuviai-papurte-brazilija/" target="_blank" rel="noopener noreferrer">„Lietuviai papurtė Braziliją“</a> (Lithuanians shook up Brazil, IQ, 2010-10-25)</p>
